[INFO] cloning repository https://github.com/Schaeff/zokrates_wasm_resolver_playground
[INFO] running `Command { std: "git" "-c" "credential.helper=" "-c" "credential.helper=/workspace/cargo-home/bin/git-credential-null" "clone" "--bare" "https://github.com/Schaeff/zokrates_wasm_resolver_playground" "/workspace/cache/git-repos/https%3A%2F%2Fgithub.com%2FSchaeff%2Fzokrates_wasm_resolver_playground", kill_on_drop: false }`
[INFO] [stderr] Cloning into bare repository '/workspace/cache/git-repos/https%3A%2F%2Fgithub.com%2FSchaeff%2Fzokrates_wasm_resolver_playground'...
[INFO] running `Command { std: "git" "rev-parse" "HEAD", kill_on_drop: false }`
[INFO] [stdout] 0ab6732e715abd83a7b7bc766e0b10d34c75cf4a
[INFO] checking Schaeff/zokrates_wasm_resolver_playground against master#af3c6e733a40e671550e0f0f5aeecaa13772ba56 for pr-74989
[INFO] running `Command { std: "git" "clone" "/workspace/cache/git-repos/https%3A%2F%2Fgithub.com%2FSchaeff%2Fzokrates_wasm_resolver_playground" "/workspace/builds/worker-12/source", kill_on_drop: false }`
[INFO] [stderr] Cloning into '/workspace/builds/worker-12/source'...
[INFO] [stderr] done.
[INFO] validating manifest of git repo https://github.com/Schaeff/zokrates_wasm_resolver_playground on toolchain af3c6e733a40e671550e0f0f5aeecaa13772ba56
[INFO] running `Command { std: "/workspace/cargo-home/bin/cargo" "+af3c6e733a40e671550e0f0f5aeecaa13772ba56" "read-manifest" "--manifest-path" "Cargo.toml", kill_on_drop: false }`
[INFO] started tweaking git repo https://github.com/Schaeff/zokrates_wasm_resolver_playground
[INFO] finished tweaking git repo https://github.com/Schaeff/zokrates_wasm_resolver_playground
[INFO] tweaked toml for git repo https://github.com/Schaeff/zokrates_wasm_resolver_playground written to /workspace/builds/worker-12/source/Cargo.toml
[INFO] crate git repo https://github.com/Schaeff/zokrates_wasm_resolver_playground already has a lockfile, it will not be regenerated
[INFO] running `Command { std: "/workspace/cargo-home/bin/cargo" "+af3c6e733a40e671550e0f0f5aeecaa13772ba56" "fetch" "--locked" "--manifest-path" "Cargo.toml", kill_on_drop: false }`
[INFO] [stderr] warning: Found `debug_assertions` in `target.'cfg(...)'.dependencies`. This value is not supported for selecting dependencies and will not work as expected. To learn more visit https://doc.rust-lang.org/cargo/reference/specifying-dependencies.html#platform-specific-dependencies
[INFO] [stderr]     Blocking waiting for file lock on package cache
[INFO] [stderr]     Blocking waiting for file lock on package cache
[INFO] running `Command { std: "docker" "create" "-v" "/var/lib/crater-agent-workspace/builds/worker-12/target:/opt/rustwide/target:rw,Z" "-v" "/var/lib/crater-agent-workspace/builds/worker-12/source:/opt/rustwide/workdir:ro,Z" "-v" "/var/lib/crater-agent-workspace/cargo-home:/opt/rustwide/cargo-home:ro,Z" "-v" "/var/lib/crater-agent-workspace/rustup-home:/opt/rustwide/rustup-home:ro,Z" "-e" "SOURCE_DIR=/opt/rustwide/workdir" "-e" "CARGO_TARGET_DIR=/opt/rustwide/target" "-e" "CARGO_HOME=/opt/rustwide/cargo-home" "-e" "RUSTUP_HOME=/opt/rustwide/rustup-home" "-w" "/opt/rustwide/workdir" "-m" "1610612736" "--user" "0:0" "--network" "none" "rustops/crates-build-env@sha256:d92eaeed33fa75130ca1ee6c8a01d1ffb62bac859dfdfb3450e3e5d1c0146529" "/opt/rustwide/cargo-home/bin/cargo" "+af3c6e733a40e671550e0f0f5aeecaa13772ba56" "metadata" "--no-deps" "--format-version=1", kill_on_drop: false }`
[INFO] [stdout] dc787effc065799012da65762e4eed55f1db9c3c4a64adf3572406f5d3bb2294
[INFO] [stderr] WARNING: Your kernel does not support swap limit capabilities or the cgroup is not mounted. Memory limited without swap.
[INFO] running `Command { std: "docker" "start" "-a" "dc787effc065799012da65762e4eed55f1db9c3c4a64adf3572406f5d3bb2294", kill_on_drop: false }`
[INFO] running `Command { std: "docker" "inspect" "dc787effc065799012da65762e4eed55f1db9c3c4a64adf3572406f5d3bb2294", kill_on_drop: false }`
[INFO] running `Command { std: "docker" "rm" "-f" "dc787effc065799012da65762e4eed55f1db9c3c4a64adf3572406f5d3bb2294", kill_on_drop: false }`
[INFO] [stdout] dc787effc065799012da65762e4eed55f1db9c3c4a64adf3572406f5d3bb2294
[INFO] running `Command { std: "docker" "create" "-v" "/var/lib/crater-agent-workspace/builds/worker-12/target:/opt/rustwide/target:rw,Z" "-v" "/var/lib/crater-agent-workspace/builds/worker-12/source:/opt/rustwide/workdir:ro,Z" "-v" "/var/lib/crater-agent-workspace/cargo-home:/opt/rustwide/cargo-home:ro,Z" "-v" "/var/lib/crater-agent-workspace/rustup-home:/opt/rustwide/rustup-home:ro,Z" "-e" "SOURCE_DIR=/opt/rustwide/workdir" "-e" "CARGO_TARGET_DIR=/opt/rustwide/target" "-e" "CARGO_INCREMENTAL=0" "-e" "RUST_BACKTRACE=full" "-e" "RUSTFLAGS=--cap-lints=forbid" "-e" "CARGO_HOME=/opt/rustwide/cargo-home" "-e" "RUSTUP_HOME=/opt/rustwide/rustup-home" "-w" "/opt/rustwide/workdir" "-m" "1610612736" "--user" "0:0" "--network" "none" "rustops/crates-build-env@sha256:d92eaeed33fa75130ca1ee6c8a01d1ffb62bac859dfdfb3450e3e5d1c0146529" "/opt/rustwide/cargo-home/bin/cargo" "+af3c6e733a40e671550e0f0f5aeecaa13772ba56" "check" "--frozen" "--all" "--all-targets" "--message-format=json", kill_on_drop: false }`
[INFO] [stdout] 49cf80c01d9e47cb7feb69b752bdc1e8b597e4092b655b4a12e1bbf0390f8af5
[INFO] [stderr] WARNING: Your kernel does not support swap limit capabilities or the cgroup is not mounted. Memory limited without swap.
[INFO] running `Command { std: "docker" "start" "-a" "49cf80c01d9e47cb7feb69b752bdc1e8b597e4092b655b4a12e1bbf0390f8af5", kill_on_drop: false }`
[INFO] [stderr] warning: Found `debug_assertions` in `target.'cfg(...)'.dependencies`. This value is not supported for selecting dependencies and will not work as expected. To learn more visit https://doc.rust-lang.org/cargo/reference/specifying-dependencies.html#platform-specific-dependencies
[INFO] [stderr]     Blocking waiting for file lock on package cache
[INFO] [stderr]    Compiling serde v1.0.97
[INFO] [stderr]    Compiling memchr v2.2.1
[INFO] [stderr]    Compiling semver-parser v0.7.0
[INFO] [stderr]    Compiling ryu v1.0.0
[INFO] [stderr]     Checking scopeguard v1.0.0
[INFO] [stderr]    Compiling crunchy v0.2.2
[INFO] [stderr]    Compiling unicode-segmentation v1.3.0
[INFO] [stderr]     Checking constant_time_eq v0.1.3
[INFO] [stderr]    Compiling either v1.5.2
[INFO] [stderr]     Checking bit-vec v0.4.4
[INFO] [stderr]     Checking void v1.0.2
[INFO] [stderr]     Checking ucd-util v0.1.5
[INFO] [stderr]    Compiling zokrates_core v0.3.12 (https://github.com/ZoKrates/ZoKrates?branch=simplify-resolver#e0eaa6b3)
[INFO] [stderr]     Checking utf8-ranges v1.0.3
[INFO] [stderr]     Checking reduce v0.1.2
[INFO] [stderr]     Checking typed-arena v1.4.1
[INFO] [stderr]     Checking scoped-tls v1.0.0
[INFO] [stderr]    Compiling num-traits v0.2.8
[INFO] [stderr]    Compiling num-integer v0.1.41
[INFO] [stderr]    Compiling num-iter v0.1.39
[INFO] [stderr]     Checking crossbeam-utils v0.6.6
[INFO] [stderr]     Checking thread_local v0.3.6
[INFO] [stderr]    Compiling nom v4.2.3
[INFO] [stderr]     Checking pest v2.1.1
[INFO] [stderr]    Compiling itertools v0.7.11
[INFO] [stderr]     Checking regex-syntax v0.5.6
[INFO] [stderr]    Compiling semver v0.9.0
[INFO] [stderr]     Checking regex-automata v0.1.8
[INFO] [stderr]     Checking blake2-rfc v0.2.18 (https://github.com/gtank/blake2-rfc?rev=7a5b5fc99ae483a0043db7547fb79a6fa44b88a9#7a5b5fc9)
[INFO] [stderr]     Checking generic-array v0.9.0
[INFO] [stderr]    Compiling syn v0.15.42
[INFO] [stderr]    Compiling syn v0.14.9
[INFO] [stderr]    Compiling wasm-bindgen-test-macro v0.2.48
[INFO] [stderr]    Compiling heck v0.3.1
[INFO] [stderr]     Checking crossbeam-channel v0.3.9
[INFO] [stderr]     Checking crossbeam-queue v0.1.2
[INFO] [stderr]     Checking digest v0.7.6
[INFO] [stderr]    Compiling rustc_version v0.2.3
[INFO] [stderr]     Checking tiny-keccak v1.5.0
[INFO] [stderr]    Compiling memoffset v0.5.1
[INFO] [stderr]     Checking csv-core v0.1.6
[INFO] [stderr]     Checking aho-corasick v0.6.10
[INFO] [stderr]     Checking from-pest v0.3.1
[INFO] [stderr]    Compiling pest_meta v2.1.1
[INFO] [stderr]     Checking num-traits v0.1.43
[INFO] [stderr]     Checking crossbeam-epoch v0.7.2
[INFO] [stderr]     Checking num-bigint v0.1.44
[INFO] [stderr]     Checking crossbeam-deque v0.7.1
[INFO] [stderr]     Checking num v0.1.42
[INFO] [stderr]     Checking regex v0.2.11
[INFO] [stderr]    Compiling weedle v0.10.0
[INFO] [stderr]     Checking crossbeam v0.7.2
[INFO] [stderr]     Checking serde_json v1.0.40
[INFO] [stderr]     Checking bincode v0.8.0
[INFO] [stderr]     Checking num-bigint v0.2.2
[INFO] [stderr]     Checking bstr v0.2.6
[INFO] [stderr]     Checking serde_bytes v0.10.5
[INFO] [stderr]    Compiling wasm-bindgen-backend v0.2.48
[INFO] [stderr]    Compiling synstructure v0.10.2
[INFO] [stderr]    Compiling pest_generator v2.1.0
[INFO] [stderr]     Checking csv v1.1.1
[INFO] [stderr]    Compiling wasm-bindgen-macro-support v0.2.48
[INFO] [stderr]    Compiling failure_derive v0.1.5
[INFO] [stderr]    Compiling serde_derive v1.0.97
[INFO] [stderr]    Compiling pest_derive v2.1.0
[INFO] [stderr]    Compiling wasm-bindgen-macro v0.2.48
[INFO] [stderr]    Compiling failure v0.1.5
[INFO] [stderr]     Checking zokrates_parser v0.1.1 (https://github.com/ZoKrates/ZoKrates?branch=simplify-resolver#e0eaa6b3)
[INFO] [stderr]    Compiling single v1.0.0
[INFO] [stderr]    Compiling wasm-bindgen-webidl v0.2.48
[INFO] [stderr]    Compiling pest-ast v0.3.3
[INFO] [stderr]     Checking wasm-bindgen v0.2.48
[INFO] [stderr]     Checking js-sys v0.3.25
[INFO] [stderr]     Checking console_error_panic_hook v0.1.6
[INFO] [stderr]    Compiling web-sys v0.3.25
[INFO] [stdout] error: return value of constructor must be a bare path
[INFO] [stdout]     --> /opt/rustwide/cargo-home/registry/src/github.com-1ecc6299db9ec823/js-sys-0.3.25/src/lib.rs:4524:13
[INFO] [stdout]      |
[INFO] [stdout] 4524 | /             /// The
[INFO] [stdout] 4525 | |             #[doc = $ctor]
[INFO] [stdout] 4526 | |             /// constructor creates an array of unsigned 8-bit integers.
[INFO] [stdout] 4527 | |             ///
[INFO] [stdout] ...    |
[INFO] [stdout] 4531 | |             #[wasm_bindgen(constructor)]
[INFO] [stdout] 4532 | |             pub fn new(constructor_arg: &JsValue) -> $name;
[INFO] [stdout]      | |___________________________________________________________^
[INFO] [stdout] ...
[INFO] [stdout] 4683 | / arrays! {
[INFO] [stdout] 4684 | |     /// `Int8Array()`
[INFO] [stdout] 4685 | |     /// https://developer.mozilla.org/en-US/docs/Web/JavaScript/Reference/Global_Objects/Int8Array
[INFO] [stdout] 4686 | |     Int8Array: i8,
[INFO] [stdout] ...    |
[INFO] [stdout] 4718 | |     Float64Array: f64,
[INFO] [stdout] 4719 | | }
[INFO] [stdout]      | |_- in this macro invocation
[INFO] [stdout]      |
[INFO] [stdout]      = note: this error originates in a macro (in Nightly builds, run with -Z macro-backtrace for more info)
[INFO] [stdout] 
[INFO] [stdout] 
[INFO] [stdout] error: return value of constructor must be a bare path
[INFO] [stdout]     --> /opt/rustwide/cargo-home/registry/src/github.com-1ecc6299db9ec823/js-sys-0.3.25/src/lib.rs:4534:13
[INFO] [stdout]      |
[INFO] [stdout] 4534 | /             /// An
[INFO] [stdout] 4535 | |             #[doc = $ctor]
[INFO] [stdout] 4536 | |             /// which creates an array with an internal buffer large
[INFO] [stdout] 4537 | |             /// enough for `length` elements.
[INFO] [stdout] ...    |
[INFO] [stdout] 4542 | |             #[wasm_bindgen(constructor)]
[INFO] [stdout] 4543 | |             pub fn new_with_length(length: u32) -> $name;
[INFO] [stdout]      | |_________________________________________________________^
[INFO] [stdout] ...
[INFO] [stdout] 4683 | / arrays! {
[INFO] [stdout] 4684 | |     /// `Int8Array()`
[INFO] [stdout] 4685 | |     /// https://developer.mozilla.org/en-US/docs/Web/JavaScript/Reference/Global_Objects/Int8Array
[INFO] [stdout] 4686 | |     Int8Array: i8,
[INFO] [stdout] ...    |
[INFO] [stdout] 4718 | |     Float64Array: f64,
[INFO] [stdout] 4719 | | }
[INFO] [stdout]      | |_- in this macro invocation
[INFO] [stdout]      |
[INFO] [stdout]      = note: this error originates in a macro (in Nightly builds, run with -Z macro-backtrace for more info)
[INFO] [stdout] 
[INFO] [stdout] 
[INFO] [stdout] error: return value of constructor must be a bare path
[INFO] [stdout]     --> /opt/rustwide/cargo-home/registry/src/github.com-1ecc6299db9ec823/js-sys-0.3.25/src/lib.rs:4545:13
[INFO] [stdout]      |
[INFO] [stdout] 4545 | /             /// An
[INFO] [stdout] 4546 | |             #[doc = $ctor]
[INFO] [stdout] 4547 | |             /// which creates an array with the given buffer but is a
[INFO] [stdout] 4548 | |             /// view starting at `byte_offset`.
[INFO] [stdout] ...    |
[INFO] [stdout] 4553 | |             #[wasm_bindgen(constructor)]
[INFO] [stdout] 4554 | |             pub fn new_with_byte_offset(buffer: &JsValue, byte_offset: u32) -> $name;
[INFO] [stdout]      | |_____________________________________________________________________________________^
[INFO] [stdout] ...
[INFO] [stdout] 4683 | / arrays! {
[INFO] [stdout] 4684 | |     /// `Int8Array()`
[INFO] [stdout] 4685 | |     /// https://developer.mozilla.org/en-US/docs/Web/JavaScript/Reference/Global_Objects/Int8Array
[INFO] [stdout] 4686 | |     Int8Array: i8,
[INFO] [stdout] ...    |
[INFO] [stdout] 4718 | |     Float64Array: f64,
[INFO] [stdout] 4719 | | }
[INFO] [stdout]      | |_- in this macro invocation
[INFO] [stdout]      |
[INFO] [stdout]      = note: this error originates in a macro (in Nightly builds, run with -Z macro-backtrace for more info)
[INFO] [stdout] 
[INFO] [stdout] 
[INFO] [stdout] error: return value of constructor must be a bare path
[INFO] [stdout]     --> /opt/rustwide/cargo-home/registry/src/github.com-1ecc6299db9ec823/js-sys-0.3.25/src/lib.rs:4556:13
[INFO] [stdout]      |
[INFO] [stdout] 4556 | /             /// An
[INFO] [stdout] 4557 | |             #[doc = $ctor]
[INFO] [stdout] 4558 | |             /// which creates an array with the given buffer but is a
[INFO] [stdout] 4559 | |             /// view starting at `byte_offset` for `length` elements.
[INFO] [stdout] ...    |
[INFO] [stdout] 4568 | |                 length: u32,
[INFO] [stdout] 4569 | |             ) -> $name;
[INFO] [stdout]      | |_______________________^
[INFO] [stdout] ...
[INFO] [stdout] 4683 | / arrays! {
[INFO] [stdout] 4684 | |     /// `Int8Array()`
[INFO] [stdout] 4685 | |     /// https://developer.mozilla.org/en-US/docs/Web/JavaScript/Reference/Global_Objects/Int8Array
[INFO] [stdout] 4686 | |     Int8Array: i8,
[INFO] [stdout] ...    |
[INFO] [stdout] 4718 | |     Float64Array: f64,
[INFO] [stdout] 4719 | | }
[INFO] [stdout]      | |_- in this macro invocation
[INFO] [stdout]      |
[INFO] [stdout]      = note: this error originates in a macro (in Nightly builds, run with -Z macro-backtrace for more info)
[INFO] [stdout] 
[INFO] [stdout] 
[INFO] [stdout] error: first argument of method must be a path
[INFO] [stdout]     --> /opt/rustwide/cargo-home/registry/src/github.com-1ecc6299db9ec823/js-sys-0.3.25/src/lib.rs:4576:32
[INFO] [stdout]      |
[INFO] [stdout] 4576 |               pub fn fill(this: &$name, value: $ty, start: u32, end: u32) -> $name;
[INFO] [stdout]      |                                  ^^^^^
[INFO] [stdout] ...
[INFO] [stdout] 4683 | / arrays! {
[INFO] [stdout] 4684 | |     /// `Int8Array()`
[INFO] [stdout] 4685 | |     /// https://developer.mozilla.org/en-US/docs/Web/JavaScript/Reference/Global_Objects/Int8Array
[INFO] [stdout] 4686 | |     Int8Array: i8,
[INFO] [stdout] ...    |
[INFO] [stdout] 4718 | |     Float64Array: f64,
[INFO] [stdout] 4719 | | }
[INFO] [stdout]      | |_- in this macro invocation
[INFO] [stdout]      |
[INFO] [stdout]      = note: this error originates in a macro (in Nightly builds, run with -Z macro-backtrace for more info)
[INFO] [stdout] 
[INFO] [stdout] 
[INFO] [stdout] error: first argument of method must be a path
[INFO] [stdout]     --> /opt/rustwide/cargo-home/registry/src/github.com-1ecc6299db9ec823/js-sys-0.3.25/src/lib.rs:4581:34
[INFO] [stdout]      |
[INFO] [stdout] 4581 |               pub fn buffer(this: &$name) -> ArrayBuffer;
[INFO] [stdout]      |                                    ^^^^^
[INFO] [stdout] ...
[INFO] [stdout] 4683 | / arrays! {
[INFO] [stdout] 4684 | |     /// `Int8Array()`
[INFO] [stdout] 4685 | |     /// https://developer.mozilla.org/en-US/docs/Web/JavaScript/Reference/Global_Objects/Int8Array
[INFO] [stdout] 4686 | |     Int8Array: i8,
[INFO] [stdout] ...    |
[INFO] [stdout] 4718 | |     Float64Array: f64,
[INFO] [stdout] 4719 | | }
[INFO] [stdout]      | |_- in this macro invocation
[INFO] [stdout]      |
[INFO] [stdout]      = note: this error originates in a macro (in Nightly builds, run with -Z macro-backtrace for more info)
[INFO] [stdout] 
[INFO] [stdout] 
[INFO] [stdout] error: first argument of method must be a path
[INFO] [stdout]     --> /opt/rustwide/cargo-home/registry/src/github.com-1ecc6299db9ec823/js-sys-0.3.25/src/lib.rs:4586:36
[INFO] [stdout]      |
[INFO] [stdout] 4586 |               pub fn subarray(this: &$name, begin: u32, end: u32) -> $name;
[INFO] [stdout]      |                                      ^^^^^
[INFO] [stdout] ...
[INFO] [stdout] 4683 | / arrays! {
[INFO] [stdout] 4684 | |     /// `Int8Array()`
[INFO] [stdout] 4685 | |     /// https://developer.mozilla.org/en-US/docs/Web/JavaScript/Reference/Global_Objects/Int8Array
[INFO] [stdout] 4686 | |     Int8Array: i8,
[INFO] [stdout] ...    |
[INFO] [stdout] 4718 | |     Float64Array: f64,
[INFO] [stdout] 4719 | | }
[INFO] [stdout]      | |_- in this macro invocation
[INFO] [stdout]      |
[INFO] [stdout]      = note: this error originates in a macro (in Nightly builds, run with -Z macro-backtrace for more info)
[INFO] [stdout] 
[INFO] [stdout] 
[INFO] [stdout] error: first argument of method must be a path
[INFO] [stdout]     --> /opt/rustwide/cargo-home/registry/src/github.com-1ecc6299db9ec823/js-sys-0.3.25/src/lib.rs:4592:33
[INFO] [stdout]      |
[INFO] [stdout] 4592 |               pub fn slice(this: &$name, begin: u32, end: u32) -> $name;
[INFO] [stdout]      |                                   ^^^^^
[INFO] [stdout] ...
[INFO] [stdout] 4683 | / arrays! {
[INFO] [stdout] 4684 | |     /// `Int8Array()`
[INFO] [stdout] 4685 | |     /// https://developer.mozilla.org/en-US/docs/Web/JavaScript/Reference/Global_Objects/Int8Array
[INFO] [stdout] 4686 | |     Int8Array: i8,
[INFO] [stdout] ...    |
[INFO] [stdout] 4718 | |     Float64Array: f64,
[INFO] [stdout] 4719 | | }
[INFO] [stdout]      | |_- in this macro invocation
[INFO] [stdout]      |
[INFO] [stdout]      = note: this error originates in a macro (in Nightly builds, run with -Z macro-backtrace for more info)
[INFO] [stdout] 
[INFO] [stdout] 
[INFO] [stdout] error: first argument of method must be a path
[INFO] [stdout]     --> /opt/rustwide/cargo-home/registry/src/github.com-1ecc6299db9ec823/js-sys-0.3.25/src/lib.rs:4599:36
[INFO] [stdout]      |
[INFO] [stdout] 4599 |               pub fn for_each(this: &$name, callback: &mut dyn FnMut($ty, u32, $name));
[INFO] [stdout]      |                                      ^^^^^
[INFO] [stdout] ...
[INFO] [stdout] 4683 | / arrays! {
[INFO] [stdout] 4684 | |     /// `Int8Array()`
[INFO] [stdout] 4685 | |     /// https://developer.mozilla.org/en-US/docs/Web/JavaScript/Reference/Global_Objects/Int8Array
[INFO] [stdout] 4686 | |     Int8Array: i8,
[INFO] [stdout] ...    |
[INFO] [stdout] 4718 | |     Float64Array: f64,
[INFO] [stdout] 4719 | | }
[INFO] [stdout]      | |_- in this macro invocation
[INFO] [stdout]      |
[INFO] [stdout]      = note: this error originates in a macro (in Nightly builds, run with -Z macro-backtrace for more info)
[INFO] [stdout] 
[INFO] [stdout] 
[INFO] [stdout] error: first argument of method must be a path
[INFO] [stdout]     --> /opt/rustwide/cargo-home/registry/src/github.com-1ecc6299db9ec823/js-sys-0.3.25/src/lib.rs:4604:34
[INFO] [stdout]      |
[INFO] [stdout] 4604 |               pub fn length(this: &$name) -> u32;
[INFO] [stdout]      |                                    ^^^^^
[INFO] [stdout] ...
[INFO] [stdout] 4683 | / arrays! {
[INFO] [stdout] 4684 | |     /// `Int8Array()`
[INFO] [stdout] 4685 | |     /// https://developer.mozilla.org/en-US/docs/Web/JavaScript/Reference/Global_Objects/Int8Array
[INFO] [stdout] 4686 | |     Int8Array: i8,
[INFO] [stdout] ...    |
[INFO] [stdout] 4718 | |     Float64Array: f64,
[INFO] [stdout] 4719 | | }
[INFO] [stdout]      | |_- in this macro invocation
[INFO] [stdout]      |
[INFO] [stdout]      = note: this error originates in a macro (in Nightly builds, run with -Z macro-backtrace for more info)
[INFO] [stdout] 
[INFO] [stdout] 
[INFO] [stdout] error: first argument of method must be a path
[INFO] [stdout]     --> /opt/rustwide/cargo-home/registry/src/github.com-1ecc6299db9ec823/js-sys-0.3.25/src/lib.rs:4609:39
[INFO] [stdout]      |
[INFO] [stdout] 4609 |               pub fn byte_length(this: &$name) -> u32;
[INFO] [stdout]      |                                         ^^^^^
[INFO] [stdout] ...
[INFO] [stdout] 4683 | / arrays! {
[INFO] [stdout] 4684 | |     /// `Int8Array()`
[INFO] [stdout] 4685 | |     /// https://developer.mozilla.org/en-US/docs/Web/JavaScript/Reference/Global_Objects/Int8Array
[INFO] [stdout] 4686 | |     Int8Array: i8,
[INFO] [stdout] ...    |
[INFO] [stdout] 4718 | |     Float64Array: f64,
[INFO] [stdout] 4719 | | }
[INFO] [stdout]      | |_- in this macro invocation
[INFO] [stdout]      |
[INFO] [stdout]      = note: this error originates in a macro (in Nightly builds, run with -Z macro-backtrace for more info)
[INFO] [stdout] 
[INFO] [stdout] 
[INFO] [stdout] error: first argument of method must be a path
[INFO] [stdout]     --> /opt/rustwide/cargo-home/registry/src/github.com-1ecc6299db9ec823/js-sys-0.3.25/src/lib.rs:4614:39
[INFO] [stdout]      |
[INFO] [stdout] 4614 |               pub fn byte_offset(this: &$name) -> u32;
[INFO] [stdout]      |                                         ^^^^^
[INFO] [stdout] ...
[INFO] [stdout] 4683 | / arrays! {
[INFO] [stdout] 4684 | |     /// `Int8Array()`
[INFO] [stdout] 4685 | |     /// https://developer.mozilla.org/en-US/docs/Web/JavaScript/Reference/Global_Objects/Int8Array
[INFO] [stdout] 4686 | |     Int8Array: i8,
[INFO] [stdout] ...    |
[INFO] [stdout] 4718 | |     Float64Array: f64,
[INFO] [stdout] 4719 | | }
[INFO] [stdout]      | |_- in this macro invocation
[INFO] [stdout]      |
[INFO] [stdout]      = note: this error originates in a macro (in Nightly builds, run with -Z macro-backtrace for more info)
[INFO] [stdout] 
[INFO] [stdout] 
[INFO] [stdout] error: first argument of method must be a path
[INFO] [stdout]     --> /opt/rustwide/cargo-home/registry/src/github.com-1ecc6299db9ec823/js-sys-0.3.25/src/lib.rs:4619:31
[INFO] [stdout]      |
[INFO] [stdout] 4619 |               pub fn set(this: &$name, src: &JsValue, offset: u32);
[INFO] [stdout]      |                                 ^^^^^
[INFO] [stdout] ...
[INFO] [stdout] 4683 | / arrays! {
[INFO] [stdout] 4684 | |     /// `Int8Array()`
[INFO] [stdout] 4685 | |     /// https://developer.mozilla.org/en-US/docs/Web/JavaScript/Reference/Global_Objects/Int8Array
[INFO] [stdout] 4686 | |     Int8Array: i8,
[INFO] [stdout] ...    |
[INFO] [stdout] 4718 | |     Float64Array: f64,
[INFO] [stdout] 4719 | | }
[INFO] [stdout]      | |_- in this macro invocation
[INFO] [stdout]      |
[INFO] [stdout]      = note: this error originates in a macro (in Nightly builds, run with -Z macro-backtrace for more info)
[INFO] [stdout] 
[INFO] [stdout] 
[INFO] [stdout] error[E0433]: failed to resolve: use of undeclared type or module `Int8Array`
[INFO] [stdout]     --> /opt/rustwide/cargo-home/registry/src/github.com-1ecc6299db9ec823/js-sys-0.3.25/src/lib.rs:4686:5
[INFO] [stdout]      |
[INFO] [stdout] 4686 |     Int8Array: i8,
[INFO] [stdout]      |     ^^^^^^^^^ use of undeclared type or module `Int8Array`
[INFO] [stdout] 
[INFO] [stdout] 
[INFO] [stdout] error[E0433]: failed to resolve: use of undeclared type or module `Int16Array`
[INFO] [stdout]     --> /opt/rustwide/cargo-home/registry/src/github.com-1ecc6299db9ec823/js-sys-0.3.25/src/lib.rs:4690:5
[INFO] [stdout]      |
[INFO] [stdout] 4690 |     Int16Array: i16,
[INFO] [stdout]      |     ^^^^^^^^^^ use of undeclared type or module `Int16Array`
[INFO] [stdout] 
[INFO] [stdout] 
[INFO] [stdout] error[E0433]: failed to resolve: use of undeclared type or module `Int32Array`
[INFO] [stdout]     --> /opt/rustwide/cargo-home/registry/src/github.com-1ecc6299db9ec823/js-sys-0.3.25/src/lib.rs:4694:5
[INFO] [stdout]      |
[INFO] [stdout] 4694 |     Int32Array: i32,
[INFO] [stdout]      |     ^^^^^^^^^^ use of undeclared type or module `Int32Array`
[INFO] [stdout] 
[INFO] [stdout] 
[INFO] [stdout] error[E0433]: failed to resolve: use of undeclared type or module `Uint8Array`
[INFO] [stdout]     --> /opt/rustwide/cargo-home/registry/src/github.com-1ecc6299db9ec823/js-sys-0.3.25/src/lib.rs:4698:5
[INFO] [stdout]      |
[INFO] [stdout] 4698 |     Uint8Array: u8,
[INFO] [stdout]      |     ^^^^^^^^^^ use of undeclared type or module `Uint8Array`
[INFO] [stdout] 
[INFO] [stdout] 
[INFO] [stdout] error[E0433]: failed to resolve: use of undeclared type or module `Uint8ClampedArray`
[INFO] [stdout]     --> /opt/rustwide/cargo-home/registry/src/github.com-1ecc6299db9ec823/js-sys-0.3.25/src/lib.rs:4702:5
[INFO] [stdout]      |
[INFO] [stdout] 4702 |     Uint8ClampedArray: u8,
[INFO] [stdout]      |     ^^^^^^^^^^^^^^^^^ use of undeclared type or module `Uint8ClampedArray`
[INFO] [stdout] 
[INFO] [stdout] 
[INFO] [stdout] error[E0433]: failed to resolve: use of undeclared type or module `Uint16Array`
[INFO] [stdout]     --> /opt/rustwide/cargo-home/registry/src/github.com-1ecc6299db9ec823/js-sys-0.3.25/src/lib.rs:4706:5
[INFO] [stdout]      |
[INFO] [stdout] 4706 |     Uint16Array: u16,
[INFO] [stdout]      |     ^^^^^^^^^^^ use of undeclared type or module `Uint16Array`
[INFO] [stdout] 
[INFO] [stdout] 
[INFO] [stdout] error[E0433]: failed to resolve: use of undeclared type or module `Uint32Array`
[INFO] [stdout]     --> /opt/rustwide/cargo-home/registry/src/github.com-1ecc6299db9ec823/js-sys-0.3.25/src/lib.rs:4710:5
[INFO] [stdout]      |
[INFO] [stdout] 4710 |     Uint32Array: u32,
[INFO] [stdout]      |     ^^^^^^^^^^^ use of undeclared type or module `Uint32Array`
[INFO] [stdout] 
[INFO] [stdout] 
[INFO] [stdout] error[E0433]: failed to resolve: use of undeclared type or module `Float32Array`
[INFO] [stdout]     --> /opt/rustwide/cargo-home/registry/src/github.com-1ecc6299db9ec823/js-sys-0.3.25/src/lib.rs:4714:5
[INFO] [stdout]      |
[INFO] [stdout] 4714 |     Float32Array: f32,
[INFO] [stdout]      |     ^^^^^^^^^^^^ use of undeclared type or module `Float32Array`
[INFO] [stdout] 
[INFO] [stdout] 
[INFO] [stdout] error[E0433]: failed to resolve: use of undeclared type or module `Float64Array`
[INFO] [stdout]     --> /opt/rustwide/cargo-home/registry/src/github.com-1ecc6299db9ec823/js-sys-0.3.25/src/lib.rs:4718:5
[INFO] [stdout]      |
[INFO] [stdout] 4718 |     Float64Array: f64,
[INFO] [stdout]      |     ^^^^^^^^^^^^ use of undeclared type or module `Float64Array`
[INFO] [stdout] 
[INFO] [stdout] 
[INFO] [stdout] error[E0412]: cannot find type `Int32Array` in this scope
[INFO] [stdout]    --> /opt/rustwide/cargo-home/registry/src/github.com-1ecc6299db9ec823/js-sys-0.3.25/src/lib.rs:604:37
[INFO] [stdout]     |
[INFO] [stdout] 604 |         pub fn notify(typed_array: &Int32Array, index: u32, count: u32) -> Result<u32, JsValue>;
[INFO] [stdout]     |                                     ^^^^^^^^^^ not found in this scope
[INFO] [stdout] 
[INFO] [stdout] 
[INFO] [stdout] error[E0412]: cannot find type `Int32Array` in this scope
[INFO] [stdout]    --> /opt/rustwide/cargo-home/registry/src/github.com-1ecc6299db9ec823/js-sys-0.3.25/src/lib.rs:640:35
[INFO] [stdout]     |
[INFO] [stdout] 640 |         pub fn wait(typed_array: &Int32Array, index: u32, value: i32) -> Result<JsString, JsValue>;
[INFO] [stdout]     |                                   ^^^^^^^^^^ not found in this scope
[INFO] [stdout] 
[INFO] [stdout] 
[INFO] [stdout] error[E0412]: cannot find type `Int32Array` in this scope
[INFO] [stdout]    --> /opt/rustwide/cargo-home/registry/src/github.com-1ecc6299db9ec823/js-sys-0.3.25/src/lib.rs:647:27
[INFO] [stdout]     |
[INFO] [stdout] 647 |             typed_array: &Int32Array,
[INFO] [stdout]     |                           ^^^^^^^^^^ not found in this scope
[INFO] [stdout] 
[INFO] [stdout] 
[INFO] [stdout] error[E0412]: cannot find type `Int8Array` in this scope
[INFO] [stdout]     --> /opt/rustwide/cargo-home/registry/src/github.com-1ecc6299db9ec823/js-sys-0.3.25/src/lib.rs:4686:5
[INFO] [stdout]      |
[INFO] [stdout] 4686 |     Int8Array: i8,
[INFO] [stdout]      |     ^^^^^^^^^ not found in this scope
[INFO] [stdout] 
[INFO] [stdout] 
[INFO] [stdout] error[E0412]: cannot find type `Int16Array` in this scope
[INFO] [stdout]     --> /opt/rustwide/cargo-home/registry/src/github.com-1ecc6299db9ec823/js-sys-0.3.25/src/lib.rs:4690:5
[INFO] [stdout]      |
[INFO] [stdout] 4690 |     Int16Array: i16,
[INFO] [stdout]      |     ^^^^^^^^^^ not found in this scope
[INFO] [stdout] 
[INFO] [stdout] 
[INFO] [stdout] error[E0412]: cannot find type `Int32Array` in this scope
[INFO] [stdout]     --> /opt/rustwide/cargo-home/registry/src/github.com-1ecc6299db9ec823/js-sys-0.3.25/src/lib.rs:4694:5
[INFO] [stdout]      |
[INFO] [stdout] 4694 |     Int32Array: i32,
[INFO] [stdout]      |     ^^^^^^^^^^ not found in this scope
[INFO] [stdout] 
[INFO] [stdout] 
[INFO] [stdout] error[E0412]: cannot find type `Uint8Array` in this scope
[INFO] [stdout]     --> /opt/rustwide/cargo-home/registry/src/github.com-1ecc6299db9ec823/js-sys-0.3.25/src/lib.rs:4698:5
[INFO] [stdout]      |
[INFO] [stdout] 4698 |     Uint8Array: u8,
[INFO] [stdout]      |     ^^^^^^^^^^ not found in this scope
[INFO] [stdout] 
[INFO] [stdout] 
[INFO] [stdout] error[E0412]: cannot find type `Uint8ClampedArray` in this scope
[INFO] [stdout]     --> /opt/rustwide/cargo-home/registry/src/github.com-1ecc6299db9ec823/js-sys-0.3.25/src/lib.rs:4702:5
[INFO] [stdout]      |
[INFO] [stdout] 4702 |     Uint8ClampedArray: u8,
[INFO] [stdout]      |     ^^^^^^^^^^^^^^^^^ not found in this scope
[INFO] [stdout] 
[INFO] [stdout] 
[INFO] [stdout] error[E0412]: cannot find type `Uint16Array` in this scope
[INFO] [stdout]     --> /opt/rustwide/cargo-home/registry/src/github.com-1ecc6299db9ec823/js-sys-0.3.25/src/lib.rs:4706:5
[INFO] [stdout]      |
[INFO] [stdout] 4706 |     Uint16Array: u16,
[INFO] [stdout]      |     ^^^^^^^^^^^ not found in this scope
[INFO] [stdout] 
[INFO] [stdout] 
[INFO] [stdout] error[E0412]: cannot find type `Uint32Array` in this scope
[INFO] [stdout]     --> /opt/rustwide/cargo-home/registry/src/github.com-1ecc6299db9ec823/js-sys-0.3.25/src/lib.rs:4710:5
[INFO] [stdout]      |
[INFO] [stdout] 4710 |     Uint32Array: u32,
[INFO] [stdout]      |     ^^^^^^^^^^^ not found in this scope
[INFO] [stdout] 
[INFO] [stdout] 
[INFO] [stdout] error[E0412]: cannot find type `Float32Array` in this scope
[INFO] [stdout]     --> /opt/rustwide/cargo-home/registry/src/github.com-1ecc6299db9ec823/js-sys-0.3.25/src/lib.rs:4714:5
[INFO] [stdout]      |
[INFO] [stdout] 4714 |     Float32Array: f32,
[INFO] [stdout]      |     ^^^^^^^^^^^^ not found in this scope
[INFO] [stdout] 
[INFO] [stdout] 
[INFO] [stdout] error[E0412]: cannot find type `Float64Array` in this scope
[INFO] [stdout]     --> /opt/rustwide/cargo-home/registry/src/github.com-1ecc6299db9ec823/js-sys-0.3.25/src/lib.rs:4718:5
[INFO] [stdout]      |
[INFO] [stdout] 4718 |     Float64Array: f64,
[INFO] [stdout]      |     ^^^^^^^^^^^^ not found in this scope
[INFO] [stdout] 
[INFO] [stdout] 
[INFO] [stdout] error: aborting due to 34 previous errors
[INFO] [stdout] 
[INFO] [stdout] 
[INFO] [stdout] Some errors have detailed explanations: E0412, E0433.
[INFO] [stdout] 
[INFO] [stdout] For more information about an error, try `rustc --explain E0412`.
[INFO] [stdout] 
[INFO] [stderr] error: could not compile `js-sys`.
[INFO] [stderr] 
[INFO] [stderr] To learn more, run the command again with --verbose.
[INFO] [stderr] warning: build failed, waiting for other jobs to finish...
[INFO] [stderr] error: build failed
[INFO] running `Command { std: "docker" "inspect" "49cf80c01d9e47cb7feb69b752bdc1e8b597e4092b655b4a12e1bbf0390f8af5", kill_on_drop: false }`
[INFO] running `Command { std: "docker" "rm" "-f" "49cf80c01d9e47cb7feb69b752bdc1e8b597e4092b655b4a12e1bbf0390f8af5", kill_on_drop: false }`
[INFO] [stdout] 49cf80c01d9e47cb7feb69b752bdc1e8b597e4092b655b4a12e1bbf0390f8af5
